 + 3*o + 186 = 0, 17*o = -2*x + 12*o + 328. Calculate the remainder when x is divided by 59.
56
Suppose 0 = 4*z - 2*z + 36. Let m = z + 18. Suppose m = y - 3*y + 28. Calculate the remainder when 67 is divided by y.
11
Let i(h) = 31*h - 246. What is the remainder when 15 is divided by i(8)?
1
Suppose -r + 30 = -5*l, -3*r = 2*l - 4 - 1. Suppose -110 = -j + r*t, 4*j - 5*t + t - 520 = 0. What is the remainder when j is divided by 23?
20
Let t(p) = 2*p**2 - 2*p - 16. What is the remainder when 351 is divided by t(6)?
43
Let h(g) = -g**2 - 13*g - 20. Let y be h(-10). Suppose 0 = 5*j - 6*j + y. What is the remainder when j is divided by 4?
2
Let w = 8 - 6. Suppose 113 = 5*u - 3*i, 4 - 50 = -2*u + w*i. Calculate the remainder when 62 is divided by u.
18
Let k = -16 + 22. Let i be 462/(-44)*24/(-14). Let w = i - 8. Calculate the remainder when w is divided by k.
4
Let g(f) = f**3 - 8*f**2 + 5*f. Let q be g(7). Let y = 2 - q. Calculate the remainder when y is divided by 10.
6
Let j = -1018 + 1120. Calculate the remainder when 283 is divided by j.
79
Let n(t) = t**2 - 6*t + 46. What is the remainder when n(15) is divided by 14?
13
Suppose -6*v + 1989 = 3*v. Let j = -92 + v. Calculate the remainder when j is divided by 22.
19
Calculate the remainder when ((-25)/(-2) - 16/32) + 2 is divided by 5.
4
Let c(w) = -3 - 10845*w - 48 + 10858*w. What is the remainder when c(5) is divided by 2?
0
Suppose -5*p + 3*p + 10 = 0. Suppose -p*s - 5*z = -2*z - 19, -3*z = -5*s + 1. What is the remainder when 9 + -2 - (4 - 1) is divided by s?
0
Let g be 5/((-195)/396) + (-4)/(-26). Let z(w) = w**2 + 3*w - 4. Let r(l) = -16*l**3 + l**2 + l + 1. What is the remainder when z(g) is divided by r(-1)?
15
Let i be (-1)/((-10)/596) + 2/5. Suppose y = -5*v - 9, 0 = 5*y - 9*y + 4*v + i. What is the remainder when 15 is divided by y?
4
Suppose -1 = 3*z - 2*z. Calculate the remainder when 41 + z/2*4 is divided by 7.
4
Suppose h + h - 126 = d, -4*h = 4*d - 228. Suppose 63*j - 10 = h*j. Calculate the remainder when 16 is divided by j.
1
Let v = 17 - 17. Suppose 0 = 2*z - v*s + 5*s - 211, -4*s + 416 = 4*z. Let a = 174 - z. What is the remainder when a is divided by 15?
11
Let a = 812 + -781. Calculate the remainder when 170 is divided by a.
15
Let b = 32 - 28. Calculate the remainder when 38 + b*1/4 is divided by 20.
19
Let p(d) = d**3 - 44*d**2 - 51*d + 361. What is the remainder when 541 is divided by p(45)?
86
Let a(b) = -b**3 + 7*b**2 - 8*b + 12. Let y be a(6). Suppose o - 44 = -5*u, -3*o - u = -y*u - 118. Calculate the remainder when o is divided by 10.
9
Suppose 2124 = 20*g - 14*g. What is the remainder when g is divided by 17?
14
Suppose -929 + 65 = -4*f. Suppose -2*s + f = -4*c, c - 280 = 6*c - 5*s. Let x = c - -95. What is the remainder when x is divided by 22?
21
Suppose -9*x + 292 = -11*x. Let r = -101 - x. What is the remainder when r is divided by 16?
13
Suppose 2*n + 6 - 20 = 0. Let k(d) = n*d**2 - 15*d - 3*d**2 - 5*d**2 + 11 + 0*d**2. What is the remainder when 42 is divided by k(-15)?
9
Let o = -45 - -54. Suppose 0 = o*q - 429 + 105. Calculate the remainder when q is divided by 13.
10
Let s = 54 + -51. What is the remainder when 211 is divided by s + -3 - (-3 - 50)?
52
Suppose 11*q = 38*q - 19*q - 160. Let l be 5/(5/72) + 2. Suppose l - 264 = -5*t. Calculate the remainder when t is divided by q.
18
Suppose -14*l + 317 + 131 = 0. Calculate the remainder when l is divided by 32.
0
Suppose 9*o - 1860 = 561. What is the remainder when o is divided by 91?
87
Let i = 178 + -166. What is the remainder when 44 is divided by i?
8
Let g(f) be the second derivative of f**3/6 + 23*f**2/2 - 23*f. What is the remainder when g(6) is divided by 16?
13
Let v = 31 - -5. Suppose 0*u + v = u. Calculate the remainder when u is divided by 19.
17
Let u = 488 + -343. Calculate the remainder when u is divided by 15.
10
Let w be (2/(-3)*87)/2. Let m = 17 - w. Calculate the remainder when m is divided by 12.
10
Suppose 764 = r + 3*r. Let k = r - 129. Let u(j) = -4*j**2 - 55*j - 23. What is the remainder when k is divided by u(-13)?
14
Let f = 398 + -383. What is the remainder when 83 is divided by f?
8
Let u be (-5 + -2)/(-4 - -5). Let k be (-6 - u)/(2/10). Let x(j) = 3*j**2 + 6. What is the remainder when x(k) is divided by 21?
18
Suppose -13812*r - 242 = -13813*r. What is the remainder when r is divided by 61?
59
Let a = -40 - 25. Let n = 150 + a. Calculate the remainder when n is divided by 22.
19
Suppose 19*s = 22*s - 384. What is the remainder when s is divided by 67?
61
Let p(d) = -3*d + 12. Let r be p(3). Suppose -9*h + 72 = -r*h. Let l = 10 + 11. Calculate the remainder when l is divided by h.
9
Let o = 22 - 20. Suppose 0 = -3*v + o*f + 137, -4*v + f + f + 182 = 0. Let w = -14 - -26. Calculate the remainder when v is divided by w.
9
Let a(n) = -7*n - 11. What is the remainder when a(-5) is divided by 10?
4
Let f(v) = v**2 + 27*v + 147. What is the remainder when 16 is divided by f(-20)?
2
Let c = 884 + -781. Calculate the remainder when c is divided by 31.
10
Suppose 15*z + 3*n = 12*z + 735, 5*n = 4*z - 989. Calculate the remainder when z is divided by 9.
3
Let j = 702 + -645. Calculate the remainder when 167 is divided by j.
53
Suppose -c + 3*z + 30 = 0, 0 = -813*c + 814*c + 2*z. Suppose -i + 108 = 3*m - 2*i, -5*m + i = -178. Calculate the remainder when m is divided by c.
11
Suppose 4*k - 36 = -0*y - y, -2*y = 0. Suppose 16*j + 90 = j. What is the remainder when 30 is divided by (24/k)/((-2)/j)?
6
Suppose 2*t - 3*x - 401 - 45 = 0, 3*t = 5*x + 668. What is the remainder when t is divided by 24?
10
Let n = -17 + 16. Let g = 20 - n. Calculate the remainder when g is divided by 12.
9
Let b(p) = -p**3 + 10*p**2 + 15*p - 9. Calculate the remainder when 109 is divided by b(11).
4
Let g = 99 + 45. What is the remainder when g is divided by 78?
66
Suppose 4*g = -9*u + 6*u + 581, -2*g + 2*u = -294. Calculate the remainder when g is divided by 59.
28
Suppose 5*q - 4*u = 54, 5*q = 2*u + 16 + 46. Suppose 6*w = -16 + 46. What is the remainder when q is divided by w?
4
Let l = 10 + -11. Let v(j) = 2 - 4*j**2 + 2*j + 4*j**2 - 21*j**3 + 0. Calculate the remainder when v(l) is divided by 13.
8
Suppose -5*z + 6 = 31. Let m(p) = p**2 + 3*p - 3. What is the remainder when 11 is divided by m(z)?
4
Let i = 110 - 125. Let d = i - -79. Calculate the remainder when d is divided by 35.
29
Suppose -4*i + 2*m = -14, -5*i - m - 4*m - 20 = 0. Let b(q) = -q. Let j be b(7). Calculate the remainder when 22 is divided by (i - 2)/(j/56).
6
Suppose 32*m = 4*m + 1932. Calculate the remainder when m is divided by 36.
33
Suppose 6*t - z - 58 = t, 0 = -2*z + 4. Calculate the remainder when 131 is divided by t.
11
Suppose 2 + 4 = -2*i. Let o(n) = -n**3 - 2*n**2 - 4*n - 3. Let h be o(i). Suppose 3*u - h = 27. What is the remainder when u is divided by 6?
3
Suppose 4*c = -4*u + 192, u + 4*u + 201 = 4*c. Suppose 3*o - c = 29. Let w(k) = 7*k**2 - 3*k + 1. Calculate the remainder when w(4) is divided by o.
23
Let d(j) = 4*j + 102. Let f = 102 - 49. Calculate the remainder when f is divided by d(-21).
17
Let p be 112/12*(-72)/(-42). Let w = p - -5. What is the remainder when w is divided by 17?
4
Suppose 0*t - 21*t = -28 - 266. Suppose -5*a + 260 = -5*j, 2*a + 0*j = -4*j + 116. What is the remainder when a is divided by t?
12
Suppose -w = 5*m - 34, m + w - 6 = 4. Let p = -38 - -20. Calculate the remainder when 126 is divided by (32/(-3))/(m/p).
30
Suppose 160 = -4*f - 208. Let r = 107 + f. Calculate the remainder when r is divided by 4.
3
Let w = -293 - -299. Suppose 2*i - w = 2*v, 3*i = -5*v + 25 - 0. Suppose -2*j - 3*j = -10. What is the remainder when j is divided by v?
0
Suppose 5*l + 162 = 272. Calculate the remainder when 61 is divided by l.
17
Let w(u) = -5*u + 1. What is the remainder when 128 is divided by w(-5)?
24
Suppose 4*o + 2*r = 134, 6*o = 8*o - 4*r - 92. Let y(p) = -p**3 + 9*p**2 + 2*p - 6. Calculate the remainder when y(7) is divided by o.
34
Let j(q) = -2*q**3 - 20*q**2 - q + 18. Let a be 1/(-2)*2*1. Calculate the remainder when (-5)/(2*a/44) is divided by j(-10).
26
Let h be 41 - 4*(-3)/(-3). Let n = h + -15. What is the remainder when n is divided by 12?
10
Let k(o) = -5*o - 4. Let f be k(4). Let x = f - -78. Ca